is s(3)?
30
Let n(x) = -11*x - 100. Give n(26).
-386
Let q(s) = -s**3 + 96*s**2 - 370*s - 132. Give q(92).
-316
Let k(c) = -2*c**3 + 1240*c**2 + 15044*c - 1497. Give k(-12).
-9
Let w(b) = 257*b**2 + 1860*b - 4. Determine w(-7).
-431
Let r(c) = 12*c**3 + 5886*c**2 + 8799*c - 1501. What is r(-489)?
-34
Let q(d) = 930*d + 330091. Determine q(-355).
-59
Let h(b) = -2*b**3 - 16*b**2 + 11*b - 4. What is h(-9)?
59
Let u(n) = n**3 + 55*n**2 + 3128*n + 198482. Calculate u(-59).
6
Let x(z) = -z**2 - 18*z + 3946. Determine x(54).
58
Let a(p) = 6528*p**2 + 33486*p - 6. What is a(-5)?
-4236
Let m(s) = -4*s**3 - 5*s**2 + 4128*s + 4134. Give m(-1).
5
Let t(j) = 438*j - 16198. What is t(37)?
8
Let r(c) = c**3 + c**2 - 37651*c - 75302. Calculate r(-2).
-4
Let c(f) = f**3 - 191*f**2 + 1681*f - 7716. Calculate c(182).
110
Let q(f) = -2414*f - 289686. Determine q(-120).
-6
Let v(u) = -11*u**2 - 269*u + 638. Calculate v(-26).
196
Let v(n) = -930*n**3 + 4*n**2 - 19*n - 19. Give v(-1).
934
Let w(o) = o**2 + 756*o - 26884. Calculate w(34).
-24
Let g(k) = -k**2 + 60*k - 848. Give g(54).
-524
Let z(c) = -c**2 - 4243*c - 442545. Determine z(-107).
7
Let d(x) = 7871*x - 86830. Give d(11).
-249
Let t(b) = b**3 + 142*b**2 + 5007*b + 132. Give t(-77).
-22
Let n(p) = -2*p**2 - 6322*p - 138120. Calculate n(-22).
-4
Let i(o) = o**3 + 93*o**2 - 477*o + 342. Determine i(4).
-14
Let m(y) = -2*y**2 + 28*y - 130. Give m(9).
-40
Let k(o) = 5261*o + 5148. What is k(-1)?
-113
Let s(d) = d**2 - 303*d + 8178. Determine s(30).
-12
Let t(y) = 3*y**3 - 69*y**2 + 49*y + 29. Give t(22).
-345
Let s(t) = 315*t + 35987. Give s(-112).
707
Let j(y) = -4*y**2 - 1351*y + 185918. Give j(105).
-37
Let w(d) = -d**2 + 306725*d - 3987260. Give w(13).
-4
Let k(w) = -15*w**3 - 154*w**2 - 39*w + 11. Give k(-10).
1
Let a(c) = 159*c - 11277. Give a(76).
807
Let q(z) = -z**3 + 144*z**2 + 232*z + 7. What is q(0)?
7
Let j(w) = w**3 + 138*w**2 - 260465*w - 578. Determine j(-584).
6
Let h(o) = -3*o**2 + 270*o - 4785. Give h(21).
-438
Let y(i) = -2652*i - 193591. Determine y(-73).
5
Let t(o) = 5314*o + 127300. Calculate t(-24).
-236
Let i(g) = 1413*g + 2821. Give i(-2).
-5
Let p(n) = 509*n + 36639. What is p(-72)?
-9
Let z(s) = -9*s**3 + 21*s**2 - 14*s - 18. Give z(-1).
26
Let t(m) = m**3 - 50*m**2 + 1376*m - 61457. What is t(48)?
-17
Let c(g) = 47022*g + 2727114. What is c(-58)?
-162
Let g(d) = -2058*d**2 - 14405*d - 4. What is g(-7)?
-11
Let y(q) = 2*q**2 - 938*q + 10065. Determine y(11).
-11
Let q(n) = -19647*n - 39319. Determine q(-2).
-25
Let w(l) = 33*l**2 + 76*l - 5. What is w(-3)?
64
Let i(l) = 13*l - 1590. Give i(50).
-940
Let n(m) = -2*m**3 - 424*m**2 - 1245*m + 1932. Determine n(-209).
51
Let k(l) = l**3 - 130*l**2 - 3341*l + 94. What is k(-22)?
28
Let u(h) = 340*h - 24663. Calculate u(75).
837
Let u(t) = -13*t**2 + 22165*t + 44377. Determine u(-2).
-5
Let v(g) = 563*g**2 + 6564*g + 9341. Determine v(-10).
1
Let f(a) = -80934*a + 1456819. Give f(18).
7
Let r(l) = 4965*l + 24717. Give r(-5).
-108
Let t(a) = 605*a**2 - 154852*a - 7174. What is t(256)?
-6
Let j(u) = 3*u**3 - 12761*u**2 + 89180*u - 7. Determine j(7).
-7
Let r(u) = 47*u**2 - 634*u + 7790. Give r(12).
6950
Let h(v) = v**3 + 66*v**2 + 688*v + 2104. Calculate h(-54).
-56
Let z(j) = 21*j**3 - 142*j**2 + 87*j - 863. What is z(7)?
-9
Let z(v) = v**2 + 8862*v - 36. Give z(0).
-36
Let f(o) = o**3 + 74*o**2 - 668*o - 118. What is f(9)?
593
Let y(z) = -6*z**2 + 513*z + 57304. What is y(-64)?
-104
Let c(k) = 37618*k - 263312. Give c(7).
14
Let u(h) = -111651*h - 446638. Calculate u(-4).
-34
Let m(u) = u**2 + 4393*u - 159511. Give m(36).
-67
Let k(h) = -h**3 - 37*h**2 + 4089*h + 402. What is k(-85)?
-363
Let i(m) = 2*m**3 + 35*m**2 + 156*m + 2492. Give i(-18).
-640
Let d(g) = g**3 + 46*g**2 - 173*g - 19783. Give d(-31).
-5
Let q(u) = u**3 + 33*u**2 - 139*u + 24. Calculate q(-37).
-309
Let z(g) = 5288*g - 89013. Determine z(17).
883
Let q(c) = 2*c**3 + 35*c**2 + 360*c + 4275. What is q(-15)?
0
Let v(h) = -13711*h - 11955989. Give v(-872).
3
Let s(z) = z**3 - 20*z**2 + 296*z - 2345. Calculate s(11).
-178
Let u(x) = x**2 + 1029*x + 37670. Calculate u(-38).
12
Let s(p) = 16420*p + 6. Determine s(0).
6
Let j(l) = -l**3 + 458*l**2 - 488*l + 29. What is j(1)?
-2
Let y(j) = -2*j**3 - 3086*j**2 - 12311*j + 1550. Give y(-1539).
11
Let l(g) = 2*g**3 - 57*g**2 + 2*g + 433. Give l(28).
-295
Let k(d) = -d**2 - 106*d - 2221. Calculate k(-60).
539
Let l(s) = -8*s**3 - 310*s**2 - 230*s - 53. Determine l(-38).
23
Let f(i) = i**3 - 23*i**2 - 217*i - 968. Determine f(31).
-7
Let v(d) = -518*d + 126401. Determine v(244).
9
Let r(d) = -29*d**2 + 759*d - 3578. Calculate r(20).
2
Let r(a) = 2017*a - 35088. Determine r(17).
-799
Let l(n) = -15*n**2 - 474*n + 854. What is l(-33)?
161
Let z(x) = -x**3 + 8*x**2 + 221*x + 313. Determine z(20).
-67
Let n(q) = 2360*q**2 - 2341*q - 3. What is n(1)?
16
Let n(v) = -1340*v + 96470. What is n(72)?
-10
Let a(m) = -5*m**2 + 421*m - 1586. Determine a(84).
-1502
Let j(g) = 70546*g + 76189679. Determine j(-1080).
-1
Let y(w) = 4*w**2 - 152*w + 844. Give y(41).
1336
Let a(p) = -p**3 - 5*p**2 - 32*p - 270. Give a(-6).
-42
Let i(o) = 13*o**2 - 164*o + 513. Determine i(7).
2
Let y(b) = -392*b + 1260. Determine y(2).
476
Let r(v) = -31*v - 5533. Calculate r(-167).
-356
Let u(p) = 2*p**3 - 8*p**2 - 141*p - 77. What is u(13)?
1132
Let f(q) = -3*q**3 - 524*q**2 - 350*q - 127. Calculate f(-174).
221
Let k(b) = 581813*b + 6. Calculate k(0).
6
Let t(k) = 40*k**3 + 6*k**2 + 96*k - 227. What is t(2)?
309
Let h(l) = -23*l**2 - 2519*l - 197. Calculate h(-109).
1111
Let n(h) = 6*h**2 - 901*h - 3539. Give n(154).
3
Let j(p) = -53*p**2 + 236*p - 309. What is j(2)?
-49
Let g(r) = 1314*r + 17755. Determine g(-15).
-1955
Let i(d) = 396*d - 19452. Calculate i(49).
-48
Let s(q) = 147*q - 1888. What is s(19)?
905
Let l(z) = z**2 - 1313*z - 225911. Determine l(-154).
7
Let l(j) = -j**3 - 470*j**2 - 19500*j + 195. Determine l(-46).
11
Let w(c) = c**3 + 130*c**2 - 658*c + 2489. Determine w(-135).
194
Let q(w) = -7*w**2 - 286*w + 164. Determine q(-41).
123
Let b(h) = 2*h**2 + 6372*h - 31885. Determine b(5).
25
Let m(w) = -2*w**2 + 1432*w + 247803. Determine m(-144).
123
Let u(b) = -423*b - 278748. Determine u(-659).
9
Let l(p) = -15*p**2 + 571*p - 575. Give l(37).
17
Let n(s) = -s**3 + 38*s**2 + 58*s + 803. What is n(40)?
-77
Let j(v) = 2*v**3 + 72*v**2 + 493*v - 2406. What is j(-23)?
9
Let n(u) = 57*u**2 - 12540*u - 3. Determine n(220).
-3
Let n(u) = -52*u + 1121. Determine n(21).
29
Let h(d) = 489*d + 3588. Give h(-7).
165
Let a(x) = 358*x - 254534. What is a(711)?
4
Let l(b) = 3*b**3 - 14*b**2 - 205*b + 29. Determine l(-9).
-1447
Let p(l) = 2*l**2 + 504*l - 55. Calculate p(-16).
-7607
Let t(a) = -91*a**2 - 368*a - 90. What is t(-5)?
-525
Let i(o) = 149501*o + 1793958. Determine i(-12).
-54
Let h(b) = -1145*b - 6892. Calculate h(-6).
-22
Let t(b) = -65*b**2 - 4337*b + 55583. Determine t(11).
11
Let d(a) = -2*a**2 + 15096*a + 2058758. What is d(-134)?
-18
Let v(w) = w**3 - 713*w**2 - 8749*w - 14. Give v(-12).
574
Let b(s) = s**3 + 6*s**2 - 1750*s - 24243. What is b(-15)?
-18
Let i(y) = 110*y**2 - 421*y - 2176. Determine i(-5).
2679
Let f(u) = 30*u**2 + 341*u + 21. Determine f(-12).
249
Let y(u) = u**3 + 146*u**2 + 1733*u - 62. Calculate y(-133).
-594
Let r(p) = 7*p**3 + 187*p**2 + 357*p + 168. Determine r(-1).
-9
Let w(u) = -1881*u - 12991. Determine w(-7).
176
Let o(b) = -5*b**3 + 18*b**2 + 86*b - 346. Calculate o(4).
-34
Let s(w) = w**3 + 788*w + 6507. Give s(-8).
-309
Let c(v) = -1191*v + 3642. Determine c(4).
-1122
Let x(f) = 1060*f - 1019. What is x(1)?
41
Let g(u) = 47*u**2 - 1684*u + 1363. What is g(35)?
-2
Let t(m) = 156138*m + 624534. Determine t(-4).
-18
Let q(p) = -p**3 - 118*p**2 - 2325*p - 50. What is q(-25)?
-50
Let g(n) = 896*n - 73482. Determine g(82).
-10
Let k(v) = 48*v**3 - 130*v**2 - 228*v - 3. Give k(-2).
-451
Let z(k) = -k**3 + 106*k**2 - 2675*k - 557. Determine z(42).
-11
Let k(s) = 5077*s + 192958. What is k(-38)?
32
Let c(i) = 1485*i + 148765. Determine c(-100).
265
Let f(q) = q**3 - 27*q**2 + 31*q - 30. Calculate f(26).
100
Let v(u) = -u**2 - 856*u - 44687. What is v(-49)?
-5144
Let b(c) = -7094*c + 156055. Calculate b(22).
-13
Let g(k) = 